 what is -18 + 5?
-13
In base 11, what is 43 + 0?
43
In base 13, what is 3 - -b6?
b9
In base 8, what is 20 + 12?
32
In base 8, what is -73171 + 5?
-73164
In base 5, what is 30 - -10430?
11010
In base 15, what is 4 + 34?
38
In base 5, what is -4 + -3331?
-3340
In base 10, what is -10369 - 2?
-10371
In base 4, what is 12201 + 10?
12211
In base 7, what is 110 + -12?
65
In base 14, what is 1ba + 2?
1bc
In base 10, what is 4 + -1815?
-1811
In base 14, what is -5 - -25?
20
In base 7, what is -6 + 2001?
1662
In base 8, what is 4 - -245?
251
In base 7, what is 36 - -65?
134
In base 3, what is 22 + -12100?
-12001
In base 11, what is -2 - -438?
436
In base 8, what is -467 + -3?
-472
In base 5, what is -10 - -230132?
230122
In base 10, what is -1 - -154?
153
In base 4, what is 10 - -11201?
11211
In base 11, what is -2 - -1459?
1457
In base 11, what is 42 + -239?
-1a7
In base 6, what is 44 + 51?
135
In base 7, what is -32362 - 1?
-32363
In base 9, what is 470 + -4?
465
In base 6, what is 1 + -100?
-55
In base 9, what is -107 - 151?
-258
In base 4, what is 2003 - 12?
1331
In base 4, what is -23203 - -11?
-23132
In base 14, what is -12c - c?
-13a
In base 6, what is -102 + 1215?
1113
In base 7, what is -132 + 10?
-122
In base 16, what is ae + 5d?
10b
In base 13, what is -2 + -4c1?
-4c3
In base 3, what is -20220 - -11?
-20202
In base 12, what is 2 - 169?
-167
In base 2, what is -101011000 + -101?
-101011101
In base 13, what is -4 + 4?
0
In base 2, what is -101 + -101110010101?
-101110011010
In base 2, what is -111 + -11?
-1010
In base 9, what is -225 + 25?
-200
In base 12, what is 12 + 4?
16
In base 15, what is 3 + -7?
-4
In base 4, what is -11331 - -2?
-11323
In base 13, what is 5 + -19?
-14
In base 13, what is 38 + 107?
142
In base 3, what is -22 - -20222?
20200
In base 5, what is 1023 + 2?
1030
In base 14, what is b + 7c?
89
In base 15, what is 2 - 63e?
-63c
In base 15, what is 236 + 1?
237
In base 12, what is -5 - -5b?
56
In base 5, what is 10 + -142?
-132
In base 4, what is 11 - 11301?
-11230
In base 6, what is 4 + 111?
115
In base 3, what is -20221110 - -10?
-20221100
In base 9, what is -2 + 5?
3
In base 11, what is -4 - 518a?
-5193
In base 2, what is -11001 + 100000?
111
In base 12, what is 84 + 27?
ab
In base 10, what is 44 - 3?
41
In base 3, what is -22 - -2?
-20
In base 13, what is -b73 + -4?
-b77
In base 9, what is 333 - 0?
333
In base 6, what is -24 + 323?
255
In base 8, what is 225 + 4?
231
In base 7, what is 1030 - 3?
1024
In base 5, what is 404 + -2?
402
In base 6, what is 4 - 121?
-113
In base 8, what is 3 - -4443?
4446
In base 6, what is -305 + -33?
-342
In base 4, what is -1300 + 23?
-1211
In base 10, what is 2 - 341?
-339
In base 16, what is 5 + 41?
46
In base 5, what is 122001 - 4?
121442
In base 6, what is -40220 + 1?
-40215
In base 9, what is -6625 + -4?
-6630
In base 6, what is -5 - 4?
-13
In base 3, what is -10 + -2020?
-2100
In base 6, what is -14 + 152?
134
In base 16, what is -b3e + -3?
-b41
In base 4, what is -2 - 11020?
-11022
In base 15, what is 0 + -42?
-42
In base 13, what is -488 + -1?
-489
In base 10, what is -3 - 250?
-253
In base 13, what is -5 - -36?
31
In base 10, what is -8 - 98?
-106
In base 15, what is -9bc5 + 4?
-9bc1
In base 4, what is -2123 - 0?
-2123
In base 7, what is 1 - -1225?
1226
In base 15, what is 6 - 3e?
-38
In base 14, what is 3 + 46?
49
In base 5, what is 3 - -1200?
1203
In base 16, what is 8 + 60?
68
In base 3, what is 2 - -2?
11
In base 5, what is 10 + -34?
-24
In base 9, what is -10343 + 5?
-10337
In base 10, what is 7 - 24?
-17
In base 5, what is -1311 + -2?
-1313
In base 7, what is -32 + 42?
10
In base 16, what is -5 + -561?
-566
In base 5, what is 21 - -3?
24
In base 3, what is -10 - -101012012?
101012002
In base 16, what is -116 + -5?
-11b
In base 8, what is 351 + -5?
344
In base 10, what is 4 - -2096?
2100
In base 8, what is 3 + -1221?
-1216
In base 10, what is 1015 + 1?
1016
In base 2, what is -1 + -1001000100?
-1001000101
In base 13, what is -1 - 32?
-33
In base 14, what is -a - 34?
-40
In base 14, what is -8b8 + 12?
-8a6
In base 12, what is 139 + 0?
139
In base 2, what is 0 - 110101?
-110101
In base 16, what is -5dc + -2?
-5de
In base 6, what is -35 + 15?
-20
In base 11, what is 1 - -129?
12a
In base 15, what is b - -9d?
a9
In base 7, what is 16530 - 1?
16526
In base 3, what is -20111 - 120?
-21001
In base 15, what is 2dd - 0?
2dd
In base 9, what is 4 - 87?
-83
In base 16, what is 587 + 17?
59e
In base 15, what is 3 - ae2?
-ade
In base 15, what is 1c - -3d?
5a
In base 5, what is -130 + -4?
-134
In base 4, what is 3 - 23212?
-23203
In base 10, what is -20 - -8?
-12
In base 4, what is 111030 - -2?
111032
In base 8, what is -1 - 603?
-604
In base 8, what is 12 - -113?
125
In base 16, what is -d0 + a?
-c6
In base 16, what is -2 - -3e?
3c
In base 2, what is -11011 - -101?
-10110
In base 2, what is -110111 - -10?
-110101
In base 3, what is -1020 - 0?
-1020
In base 2, what is -1 + -10100?
-10101
In base 7, what is 315 - 410?
-62
In base 4, what is 1 + 230201?
230202
In base 4, what is 0 - -1332?
1332
In base 3, what is -2 - 1110022?
-1110101
In base 12, what is 555 + 1?
556
In base 5, what is -204 - -42?
-112
In base 10, what is -1 - -48?
47
In base 3, what is 10 - 211100?
-211020
In base 16, what is -10d + -2?
-10f
In base 16, what is 4 - 7?
-3
In base 16, what is 278 - -2?
27a
In base 4, what is 12032 + -1?
12031
In base 16, what is 16f - -4?
173
In base 10, what is 1546 + 2?
1548
In base 8, what is 5 + 3536?
3543
In base 12, what is -875 + -5?
-87a
In base 13, what is 1a - -5?
22
In base 4, what is -2 - -32?
30
In base 14, what is 1a + -20?
-4
In base 12, what is -4 - 106?
-10a
In base 3, what is -101 + -112?
-220
In base 3, what is -220 + -1012202?
-1020122
In base 7, what is -1 - -505?
504
In base 7, what is -4 + -45?
-52
In base 13, what is 63b - -1?
63c
In base 14, what is 142 + -4?
13c
In base 7, what is -5 + 126?
121
In base 13, what is 8b6 + -c?
8a7
In base 5, what is 14300 - -2?
14302
In base 5, what is -20 - 133?
-203
In base 12, what is -3 - 73?
-76
In base 10, what is -264 - -1?
-263
In base 14, what is 4 + 189?
18d
In base 16, what is -227 + 3?
-224
In base 16, what is 0 - 14?
-14
In base 10, what is -578 - 2?
-580
In base 2, what is -11001110 + 110101?
-10011001
In base 4, what is 220 + -103?
111
In base 15, what is a - 29?
-1e
In base 3, what is -10021 - -100?
-2221
In base 8, what is -126 - 3?
-131
In base 2, what is -1111 + -1010110?
-1100101
In base 7, what is -13 + -120?
-133
In base 4, what is -12 - 11?
-23
In base 6, what is -1 + -10043?
-10044
In base 5, what is 21 + 1?
22
In base 2, what is 0 + -10001111?
-10001111
In base 9, what is -1 + -5704?
-5705
In base 5, what is 4 - -10?
14
In base 7, what is 0 - 24?
-24
In base 6, what is -21 - -222?
201
In base 7, what is 15 + -26?
-11
In base 8, what is -10 + 1371?
1361
In base 10, what is -20 + -23?
-43
In base 10, what is -4 - 24?
-28
In base 7, what is -356 - 464?
-1153
In base 15, what is -1 - -84?
83
In base 10, what is 15 - -53?
68
In base 13, what is 3 - -242?
245
In base 4, what is 31 - 2?
23
In base 9, what is 21 - -126?
147
In base 3, what is 10002 - -102?
10111
In base 9, what is -1167 + 1?
-1166
In base 6, what is 31 - -3?
34
In base 10, what is -3 - 74?
-77
In base 2, what is 1011 - 1001010001?
-1001000110
In base 14, what is -4 + -d?
-13
In base 8, what is -2520 + 4?
-2514
In base 16, what is 2 + -3f?
-3d
In base 8, what is -1 + -110?
-111
In base 12, what is 1 + -7?
-6
In base 13, what is b + c?
1a
In base 4, what is 1121 + 11?
1132
In base 14, what is 2a4 - 5?
29d
In base 10, what is -172 - -4?
-168
In base 3, what is 22211 - -11?
22222
In base 12, what is 3 + -1081?
-107a
In base 2, what is -11 + 11011101001?
11011100110
In base 8, what is 312 - 0?
312
In base 4, what is 2 + 103?
111
In base 5, what is -1140 + -2?
-1142
In base 16, what is 4 - 63?
-5f
In base 5, what is 1 + 21?
22
In base 16, what is 4a - 46?
4
In base 5, what is -10 + 10?
0
In base 13, what is 2 + ab?
b0
In base 13, what is 20 - 0?
20
In base 11, what is -16 - -1a?
4
In base 5, what is -2 - 1041?
-1043
In base 12, what is 2 - -4a?
50
In base 10, what is 636 + -3?
633
In base 5, what is 4 - 30?
-21
In base 12, what is -11a + -2?
-120
In base 16